15.
13
Suppose 0 = q - k - 3 - 1, -5*q = 4*k + 16. Suppose q = -4*m - 99 + 7. Let c = 41 + m. Calculate the remainder when c is divided by 10.
8
Suppose 0 = -4*x + 4*d + 40, -22 = -4*x + 3*d + 16. Suppose x = 3*o - 28. What is the remainder when 23 is divided by o?
11
Let n(t) = t**2 + 1. Suppose -245 = -3*h - 2*h. Calculate the remainder when h is divided by n(-4).
15
Let b be 1002/9 - 1/3. Suppose 0*o + 69 = 5*o - 4*s, 0 = -s + 4. Suppose -k - i + o = 0, 4*k - 5*i + 43 = b. What is the remainder when k is divided by 9?
8
Suppose 3*h - 2*b - 701 = 0, 3*h - 8*h + 2*b = -1167. Calculate the remainder when h is divided by 39.
38
Suppose -5*a + 10 = 2*g - 10, -g + 7 = 4*a. What is the remainder when 59 is divided by g?
14
Let d(m) = -4*m - 3. What is the remainder when d(-2) is divided by 2?
1
Let m(p) = -p**2 + 12*p + 6. Suppose -10*y = -2*g - 6*y + 14, -3*y = -12. Calculate the remainder when m(6) is divided by g.
12
Let z(p) = -p - 4. Let w be z(-6). Let n = 2 + w. Calculate the remainder when 11 is divided by n.
3
Calculate the remainder when 20 is divided by ((10/5)/1)/((-2)/(-5)).
0
Let j(z) = z**3 - z**2 + z + 4. Calculate the remainder when j(4) is divided by 19.
18
Let o be (-2 - -1 - -4) + -1. Suppose 3*a = -5*b + 36, 2*a + o = 3*a. Let y(v) = -v**3 + 5*v**2 + 9*v - 3. What is the remainder when 29 is divided by y(b)?
14
Suppose -5*i - 25 = -3*h - 3*i, 2*i = -5*h + 31. Calculate the remainder when h is divided by 2.
1
Let a = 5 + -2. Calculate the remainder when 3 is divided by a.
0
Suppose 0 = -g - 5*j + 45, 191 = 5*g - 3*j - 146. Calculate the remainder when g is divided by 33.
32
Let v = -1 + 6. Suppose -4*x = -3*x - v. Let b(p) = p + 3. Calculate the remainder when 23 is divided by b(x).
7
Let g = -9 + 17. Calculate the remainder when 55 is divided by g.
7
Calculate the remainder when 67 is divided by 1 - (-2 - -3 - 1) - -9.
7
Let b(j) = -2*j - 14. Let c be b(-7). Suppose c*a = 4*a - 40. What is the remainder when a is divided by 6?
4
Suppose -2*u - 3*u + 29 = -2*p, 5*u - 35 = 5*p. What is the remainder when 19 is divided by u?
4
Let n(k) = -k**3 + 6*k**2 - 6*k + 7. Let c be n(5). Suppose 5*a = -c*h + 17, 1 = 3*h - 2*a + 4. Calculate the remainder when h is divided by 1.
0
Suppose 0 = -3*d + 2*x + 258, 4*d = -2*x - 2*x + 344. Suppose 0 = -3*m + 25 + d. Calculate the remainder when m is divided by 19.
18
Let p(d) = d**3 + 3*d**2 - d. What is the remainder when 9 is divided by p(-3)?
0
Let i(o) = -2 - 2*o - 2*o + 3*o. What is the remainder when i(-9) is divided by 4?
3
Suppose 7*r = 3*r + 56. Let b be 1/2 + 51/2. Suppose -3*d - 25 = -2*a, -4*a + b = -4*d - 18. Calculate the remainder when r is divided by a.
6
Let s = -13 + 20. Suppose -2*q - s = 3*d, -30 = -q + 4*d - 6. What is the remainder when 7 is divided by q?
3
Let h(r) = -r**3 - 5*r**2 + 18*r + 9. What is the remainder when h(-8) is divided by 15?
12
Let u(j) = -4*j**3 - 2*j**2 - 3*j. Calculate the remainder when u(-3) is divided by 34.
31
Let u(z) = z**2 + 7*z + 3. Let n be u(-7). Suppose -n*h = -23 - 28. What is the remainder when 33 is divided by h?
16
Let a(q) = q**2 - 3*q + 4. Let z = -11 + 15. Calculate the remainder when 29 is divided by a(z).
5
Let r(m) = -6*m - 3. Let h(b) = 2*b**2 - b + 12. Let i be h(6). Suppose -4*f + 7*f = i. What is the remainder when f is divided by r(-2)?
8
Suppose 18 = l + 2*l. Let m(j) = j**2 + j - 1. Calculate the remainder when m(l) is divided by 14.
13
Let l(p) = -p**3 - 14*p**2 + 15*p + 4. Let w be l(-15). Suppose -14 = -5*q + 3*y, -2*y + 8 = 2*q - w*y. Calculate the remainder when 1 is divided by q.
0
Let b(s) = s**2 + s - 18. Calculate the remainder when 69 is divided by b(6).
21
Let c = -47 - -82. Calculate the remainder when c is divided by 12.
11
Suppose -6 + 0 = u. Let m(s) = -s + 10. Calculate the remainder when m(u) is divided by 5.
1
Let s = 4 - -2. Suppose -s = -4*t + t. Let h(v) = v**3 + 5*v**2 - v - 3. Calculate the remainder when t is divided by h(-5).
0
Let g be 1 + -1 + 2 + 48. What is the remainder when 55 is divided by 730/g - 6/10?
13
Let h(r) = r**3 + 8*r**2. Let y be h(-8). Suppose -z + 12 = -7*u + 4*u, y = z + 2*u - 37. What is the remainder when z is divided by 0 + 42/(3 - 0)?
13
Let k(y) = -y**2 + 5*y - 6. Let n be k(4). What is the remainder when n + 57 - (-1 - -3) is divided by (-12)/7*(-84)/8?
17
Let h(o) = -17*o - 4. Let v be h(-4). Suppose -v = -8*f + 4*f. Calculate the remainder when f is divided by 6.
4
Let t = 15 - 0. Suppose 2*y = -3*v + 22, 2*y - 6*y + 4 = -4*v. Suppose 0 = -v*f + 43 + 73. Calculate the remainder when f is divided by t.
14
Suppose -o + 18 = 2*o. What is the remainder when 10 is divided by o?
4
What is the remainder when 0 + 1 + 1 - -1 is divided by 1?
0
Suppose -12 = -2*o + 5*o - c, 24 = -4*o + 4*c. Let u(h) = -h**3 - 2*h**2 - 4*h. What is the remainder when 62 is divided by u(o)?
20
Let i(x) = 3*x - 4. Let z be (3/4)/(2/8). Let p be i(z). Suppose 5*o - 39 = -2*r, 6*r - 2*r + p*o - 73 = 0. What is the remainder when r is divided by 6?
5
Suppose -2*z - b + 5 = -48, -3*z - 4*b = -87. What is the remainder when 123 is divided by z?
23
Let w(k) = 5 + 14*k + 4 - 7*k - 1. What is the remainder when w(6) is divided by 13?
11
Let m(t) = 28*t + 7. Let o be m(6). Suppose -6*l = -l - o. Calculate the remainder when l is divided by 18.
17
Suppose 2*b + 16 = 4*z, -5*b - 5*z - 19 = 6. Let i be b/(1 - (-14)/(-10)). Let x = -11 + i. Calculate the remainder when 6 is divided by x.
2
Let c = -34 + 45. What is the remainder when c is divided by 7?
4
What is the remainder when 30 is divided by (-40)/(-6)*(-48)/(-20)?
14
Calculate the remainder when 52 is divided by ((-8)/10)/(6/(-135)).
16
Let u(k) = -3*k + 15. What is the remainder when 73 is divided by u(0)?
13
Calculate the remainder when 55 is divided by 1/(-2) - (-78)/4.
17
Let p(v) = -2*v**2 + 27*v - 18. Calculate the remainder when 347 is divided by p(8).
67
What is the remainder when ((-16)/(-5))/(6/15) is divided by 1?
0
Suppose 3*p - h - h = 482, 0 = 4*h + 16. What is the remainder when p/3 - 4/(-12) is divided by 14?
11
Let l = -55 - -88. What is the remainder when 130 is divided by l?
31
Let o = 2 - 4. Calculate the remainder when 23 is divided by o/(-11) - 64/(-11).
5
Let w(l) = l + 2. Let d(o) = -5*o - 10. Let j(k) = 2*d(k) + 11*w(k). Let m be j(7). Calculate the remainder when 33 is divided by m*2/(4/2).
6
Suppose 2*a = a + 9. Suppose -22 = -4*v - 2*f - 0*f, -2 = v - 2*f. Calculate the remainder when a is divided by v.
1
Let m(d) = d**3 - 8*d**2 + 9. Let q be m(8). Let v(w) = w**3 - 10*w**2 + 9*w + 11. What is the remainder when 43 is divided by v(q)?
10
Let p(g) = -3*g. Calculate the remainder when 9 is divided by p(-2).
3
Suppose -3*c = -78 - 93. Suppose n + n + 5*a - c = 0, -78 = -4*n + 2*a. Calculate the remainder when n is divided by 6.
3
Let d = -74 - -103. Suppose -t - 4 = -60. Calculate the remainder when t is divided by d.
27
Let d(j) = j + 46. Let l = 10 + -10. Calculate the remainder when d(l) is divided by 12.
10
Suppose 2*z - 30 = -4. Calculate the remainder when 75 is divided by z.
10
Suppose 2*c + c + 87 = 3*j, -2*c + j - 57 = 0. Let y = c + 49. Calculate the remainder when y is divided by 8.
5
Let h(s) = 14*s. Calculate the remainder when 27 is divided by h(1).
13
Let g = 28 + -2. Suppose 5*u = g + 239. Calculate the remainder when u is divided by 7.
4
Let s(p) = p**2 - 3*p - 7. Let v be s(5). Let i(r) = r**3 - 4 - 5*r + 6 - 6*r**2 + 5*r**2. Calculate the remainder when i(v) is divided by 3.
2
Let u(b) = 7*b - 1. Calculate the remainder when ((-4)/(-2))/((-2)/(-38)) is divided by u(2).
12
Suppose -5*w = -2*s - 263, w - 5*w - 5*s = -217. Calculate the remainder when w is divided by 28.
25
Let n(c) = 16*c - 3 + 3 + 2. Let d be n(3). Suppose v = q - 7, 6 = -5*q + 2*v + d. What is the remainder when 19 is divided by q?
9
Suppose 2*y = -13 + 3. Let z = 1 + y. Calculate the remainder when 2/(-4) - 162/z is divided by 14.
12
What is the remainder when 14 is divided by -1*7/((-28)/20)?
4
Let x = 84 + -55. Let p(i) = -3*i - 5. Calculate the remainder when x is divided by p(-5).
9
Suppose 69 - 13 = 4*c. Let u be 16/6*3/(-2). Calculate the remainder when c is divided by (8/(-1))/(-5 - u).
6
Let f be (8/(-20) - 0)*-475. Suppose 4*j + 58